What is the remainder when 328672 is divided by 109526?
94
What is the remainder when 1004501 is divided by 1334?
1333
Calculate the remainder when 2083 is divided by 102.
43
What is the remainder when 302005 is divided by 35?
25
Calculate the remainder when 131879 is divided by 1628.
11
What is the remainder when 92015 is divided by 91817?
198
What is the remainder when 1594569 is divided by 265585?
1059
Calculate the remainder when 1741074 is divided by 435176.
370
What is the remainder when 18859 is divided by 180?
139
What is the remainder when 122640 is divided by 8747?
182
Calculate the remainder when 1676852 is divided by 22.
12
What is the remainder when 51388026 is divided by 231?
228
Calculate the remainder when 173356 is divided by 5095.
126
What is the remainder when 11866763 is divided by 439509?
20
What is the remainder when 43470 is divided by 43143?
327
What is the remainder when 59718102 is divided by 2530?
2512
What is the remainder when 1045 is divided by 104?
5
Calculate the remainder when 33328753 is divided by 9.
7
What is the remainder when 13583996 is divided by 369?
368
Calculate the remainder when 48352 is divided by 48286.
66
Calculate the remainder when 540548 is divided by 6591.
86
Calculate the remainder when 55618474 is divided by 38.
2
What is the remainder when 7495903 is divided by 180?
163
Calculate the remainder when 59912984 is divided by 659.
658
What is the remainder when 35366166 is divided by 3866?
3864
What is the remainder when 6723000 is divided by 2240965?
105
What is the remainder when 2528262 is divided by 1029?
9
Calculate the remainder when 108687 is divided by 997.
14
What is the remainder when 217276 is divided by 10859?
96
Calculate the remainder when 4807658 is divided by 855.
848
Calculate the remainder when 6709599 is divided by 7931.
7904
Calculate the remainder when 1695426 is divided by 1695400.
26
Calculate the remainder when 301143 is divided by 13.
11
What is the remainder when 398594 is divided by 1748?
50
What is the remainder when 6998 is divided by 5722?
1276
What is the remainder when 2018446 is divided by 672814?
4
What is the remainder when 581635 is divided by 291?
217
Calculate the remainder when 3806595 is divided by 6.
3
What is the remainder when 1061895 is divided by 1539?
1524
What is the remainder when 441401 is divided by 338?
311
Calculate the remainder when 21602473 is divided by 502383.
4
Calculate the remainder when 1577388 is divided by 87632.
12
Calculate the remainder when 24141 is divided by 40.
21
What is the remainder when 1315464 is divided by 390?
384
Calculate the remainder when 25013 is divided by 3082.
357
What is the remainder when 1785366 is divided by 46983?
12
Calculate the remainder when 49734461 is divided by 1989378.
11
What is the remainder when 71423 is divided by 17826?
119
Calculate the remainder when 572477 is divided by 2474.
983
What is the remainder when 15425128 is divided by 89?
4
What is the remainder when 93418 is divided by 115?
38
What is the remainder when 445111 is divided by 407?
260
Calculate the remainder when 10405337 is divided by 289037.
5
Calculate the remainder when 4686391 is divided by 1746.
127
Calculate the remainder when 186429 is divided by 444.
393
Calculate the remainder when 31087451 is divided by 582.
503
What is the remainder when 471604 is divided by 1903?
1563
What is the remainder when 175312 is divided by 58422?
46
What is the remainder when 48395 is divided by 15424?
2123
What is the remainder when 3093129 is divided by 4596?
21
Calculate the remainder when 1213873 is divided by 110331.
232
Calculate the remainder when 3765856 is divided by 63828.
4
What is the remainder when 22729097 is divided by 3700?
3697
Calculate the remainder when 3158810 is divided by 186.
158
Calculate the remainder when 43064605 is divided by 362.
361
What is the remainder when 2113660 is divided by 116?
24
What is the remainder when 345044 is divided by 135?
119
What is the remainder when 888372 is divided by 147916?
876
What is the remainder when 634994 is divided by 57721?
63
What is the remainder when 1633324 is divided by 22371?
241
What is the remainder when 1470126 is divided by 105008?
14
What is the remainder when 30972 is divided by 3844?
220
What is the remainder when 6086660 is divided by 1046?
1032
Calculate the remainder when 28249705 is divided by 2154.
2149
What is the remainder when 34793378 is divided by 132?
26
What is the remainder when 1187057 is divided by 593511?
35
Calculate the remainder when 10331813 is divided by 6744.
5
Calculate the remainder when 83216 is divided by 27096.
1928
What is the remainder when 124403 is divided by 2668?
1675
Calculate the remainder when 19075472 is divided by 27.
26
Calculate the remainder when 430169 is divided by 223.
2
What is the remainder when 2368411 is divided by 3442?
315
Calculate the remainder when 3100 is divided by 171.
22
What is the remainder when 710625 is divided by 3512?
1201
Calculate the remainder when 19396154 is divided by 192041.
13
Calculate the remainder when 540943 is divided by 3631.
3555
Calculate the remainder when 134954 is divided by 758.
30
Calculate the remainder when 1578345 is divided by 304.
281
What is the remainder when 114874 is divided by 8831?
71
Calculate the remainder when 171587 is divided by 1064.
283
Calculate the remainder when 2685980 is divided by 537180.
80
What is the remainder when 9782527 is divided by 120?
7
What is the remainder when 644174 is divided by 8701?
300
Calculate the remainder when 14779045 is divided by 1203.
190
Calculate the remainder when 6150 is divided by 4851.
1299
What is the remainder when 78130276 is divided by 85?
61
What is the remainder when 61458 is divided by 383?
178
What is the remainder when 1166680 is divided by 476?
4
Calculate the remainder when 182197 is divided by 60626.
319
What is the remainder when 72649 is divided by 1121?
905
Calculate the remainder when 2453 is divided by 409.
408
What is the remainder when 1337047 is divided by 89135?
22
What is the remainder when 311150 is divided by 1934?
1710
Calculate the remainder when 205983 is divided by 1191.
1131
What is the remainder when 10661155 is divided by 122542?
1
Calculate the remainder when 837173 is divided by 5580.
173
Calculate the remainder when 20888 is divided by 18900.
1988
Calculate the remainder when 3597837 is divided by 18.
15
Calculate the remainder when 25605 is divided by 2827.
162
Calculate the remainder when 264299 is divided by 23989.
420
What is the remainder when 1398417 is divided by 116487?
573
What is the remainder when 1042503 is divided by 40096?
7
What is the remainder when 3532360 is divided by 588725?
10
Calculate the remainder when 1154447 is divided by 60758.
45
What is the remainder when 262813 is divided by 16379?
749
What is the remainder when 148837 is divided by 130?
117
Calculate the remainder when 5109561 is divided by 38131.
7
What is the remainder when 14307105 is divided by 174476?
73
What is the remainder when 704761 is divided by 10841?
96
What is the remainder when 9470908 is divided by 18?
10
Calculate the remainder when 105450566 is divided by 652.
650
What is the remainder when 1611591 is divided by 70069?
4
What is the remainder when 660099 is divided by 26?
11
Calculate the remainder when 6418 is divided by 4254.
2164
Calculate the remainder when 16374298 is divided by 2588.
22
Calculate the remainder when 69267 is divided by 64828.
4439
Calculate the remainder when 132830 is divided by 2140.
150
What is the remainder when 25929017 is divided by 62?
59
Calculate the remainder when 7095 is divided by 5416.
1679
What is the remainder when 967968 is divided by 74318?
1834
Calculate the remainder when 2929 is divided by 81.
13
Calculate the remainder when 41021 is divided by 2733.
26
What is the remainder when 14271465 is divided by 20?
5
What is the remainder when 180347703 is divided by 5?
3
What is the remainder when 47809 is divided by 624?
385
Calculate the remainder when 938399 is divided by 8.
7
What is the remainder when 82641 is divided by 2313?
1686
Calculate the remainder when 38228 is divided by 2246.
46
Calculate the remainder when 108646 is divided by 108466.
180
Calc